30
Let j(i) = i**3 + 13*i**2 + 10*i - 123. Give j(-10).
77
Let u(g) = 766*g - 24502. What is u(32)?
10
Let h(t) = 14*t**3 - 22*t**2 + t + 22. What is h(1)?
15
Let l(x) = -x**3 - 6*x**2 + 55*x - 12. Calculate l(5).
-12
Let m(s) = -s**2 - 54*s - 443. Give m(-44).
-3
Let w(h) = -h**2 - 55*h - 146. What is w(-45)?
304
Let w(m) = m**3 + 45*m**2 + 58*m + 612. Determine w(-44).
-4
Let a(l) = -2*l**3 - 32*l**2 - 43*l + 18. Calculate a(-14).
-164
Let k(t) = -3*t**2 - 151*t - 48. Determine k(-49).
148
Let o(h) = h**2 - 4*h - 191. Calculate o(-10).
-51
Let p(f) = 22*f**3 + 3*f**2 - 2*f - 1. Determine p(1).
22
Let t(z) = -85*z**2 - 852*z + 23. Determine t(-10).
43
Let w(y) = -y**2 - 53*y - 20. Calculate w(-15).
550
Let g(d) = -373*d - 1870. Calculate g(-5).
-5
Let a(d) = d**2 - 7*d - 31. Calculate a(11).
13
Let n(z) = z**2 + 12*z - 264. What is n(11)?
-11
Let x(k) = -k**2 - 70*k. Calculate x(-70).
0
Let z(j) = 7*j**2 - 212*j - 143. Calculate z(31).
12
Let o(b) = -19416*b - 38840. Give o(-2).
-8
Let n(f) = -2*f - 86. Calculate n(-25).
-36
Let m(v) = -v**3 - 19*v**2 + 2083*v + 606. What is m(-56)?
-10
Let u(y) = y**2 - 46*y + 243. Determine u(41).
38
Let d(z) = -844*z - 5930. Calculate d(-7).
-22
Let a(y) = y**3 - 11*y**2 - 191*y + 2062. Determine a(11).
-39
Let p(c) = -170*c + 117. What is p(1)?
-53
Let d(m) = m**3 + 63*m**2 + 63*m + 62. What is d(-62)?
0
Let b(l) = l**2 + 121*l + 613. Determine b(-5).
33
Let l(v) = v**3 - 21*v**2 - 116*v + 140. What is l(26)?
504
Let c(q) = -3*q - 295. Determine c(-108).
29
Let x(h) = -6308*h - 12609. Give x(-2).
7
Let h(r) = -43*r + 56. Determine h(1).
13
Let t(a) = -3*a**3 + 18*a**2 - 77*a + 354. Determine t(5).
44
Let h(t) = t**3 - 12*t**2 + 19*t - 1. Give h(10).
-11
Let t(o) = -o + 69. Calculate t(-20).
89
Let h(q) = q**2 + 9*q - 2. Calculate h(2).
20
Let h(i) = -3*i**3 + 4*i**2 + 8*i + 11. Determine h(-2).
35
Let x(s) = 26*s**2 - 11*s - 2. Determine x(-2).
124
Let i(w) = 31*w**2 + 65*w - 126. Determine i(2).
128
Let a(u) = -555*u - 5545. Calculate a(-10).
5
Let i(r) = 15741*r + 15. Calculate i(0).
15
Let r(u) = -2*u**2 + 5*u + 53. Determine r(-5).
-22
Let n(l) = l**3 + 2*l**2 - 16*l - 42. What is n(-2)?
-10
Let v(g) = 19*g + 108. What is v(2)?
146
Let f(b) = 13*b**2 - 304*b + 38. Calculate f(24).
230
Let n(w) = 12*w - 205. Calculate n(12).
-61
Let o(z) = -14*z**2 - 421*z - 1444. What is o(-4)?
16
Let k(r) = r**3 - 13*r**2 + 9*r - 30. Calculate k(12).
-66
Let b(q) = 876*q - 863. What is b(1)?
13
Let h(v) = -v**3 + 27*v**2 - 91*v - 21. Calculate h(23).
2
Let h(g) = -34*g - 2734. Calculate h(-81).
20
Let a(x) = -2*x**2 - 34*x - 97. What is a(-10)?
43
Let m(c) = 6*c**2 - 60*c + 26. Determine m(10).
26
Let z(o) = o**3 + 39*o**2 - 25*o - 966. What is z(-39)?
9
Let v(s) = -s**2 + 25*s + 540. What is v(39)?
-6
Let h(t) = t**3 - 37*t**2 + 35*t + 43. Calculate h(36).
7
Let j(i) = -i**3 + 23*i**2 + 48*i - 1532. Calculate j(22).
8
Let c(l) = l**2 - 12*l + 83. Calculate c(14).
111
Let a(p) = 2*p**2 + p - 460. Determine a(15).
5
Let b(o) = o**2 - 123*o + 3563. Give b(76).
-9
Let z(d) = 3*d**3 + 26*d**2 + 10*d - 7. What is z(-7)?
168
Let h(k) = -5*k**2 + 57*k - 116. Determine h(3).
10
Let y(p) = 225*p - 9. What is y(0)?
-9
Let k(f) = f**3 + 6*f**2 - 3*f - 45. Calculate k(-4).
-1
Let j(v) = -v**3 + 42*v - 39. Calculate j(5).
46
Let l(w) = w**3 + 14*w**2 + 1155*w + 13575. Calculate l(-12).
3
Let p(x) = -x**3 + 49*x**2 + 105*x - 168. Give p(51).
-15
Let d(b) = -4*b**3 - 10*b + 58. Determine d(4).
-238
Let m(o) = o**3 - 85*o**2 + 61*o + 1803. Calculate m(84).
-129
Let i(v) = -17639*v - 158747. What is i(-9)?
4
Let s(o) = 87*o + 71. Determine s(-3).
-190
Let k(p) = p**3 + 31*p**2 + 51*p + 17. Calculate k(-29).
220
Let w(z) = -13*z - 904. What is w(-73)?
45
Let v(w) = w**2 + 96*w - 4915. Give v(37).
6
Let m(a) = -2*a**2 - 122*a - 189. Determine m(-63).
-441
Let n(a) = 1505*a + 6002. Give n(-4).
-18
Let y(x) = -x**3 - 6*x**2 + 68*x - 60. Determine y(-12).
-12
Let c(g) = -32*g + 488. Determine c(14).
40
Let h(j) = 2*j**2 + 87*j - 37. What is h(-40)?
-317
Let x(m) = 3*m**3 + 18*m**2 + 92*m + 396. Give x(-5).
11
Let m(f) = f**3 - 27*f**2 - 192*f - 172. Give m(33).
26
Let v(k) = 76*k + 602. Determine v(-8).
-6
Let j(w) = 8*w - 18. Calculate j(-7).
-74
Let q(m) = 177*m + 1266. Determine q(-7).
27
Let f(i) = -224*i**2 - 2*i - 17. Calculate f(-2).
-909
Let h(c) = 52*c + 34. Calculate h(-2).
-70
Let d(s) = -62*s**3 + 3*s**2 - 3*s - 4. Calculate d(-1).
64
Let g(w) = 7*w**2 + 111*w + 526. What is g(-9)?
94
Let i(p) = p**3 - 42*p**2 - p - 1806. Give i(43).
0
Let x(h) = 19*h + 147. What is x(-11)?
-62
Let n(a) = 4*a**2 + 14*a - 42. Calculate n(-7).
56
Let k(a) = -6*a**2 + 140*a - 35. Calculate k(24).
-131
Let k(f) = 10*f - 181. Give k(24).
59
Let m(f) = -f**2 - 90*f + 1463. Determine m(-104).
7
Let u(j) = -j**3 + 3*j**2 - 3*j - 224. What is u(0)?
-224
Let f(z) = -12*z**2 + 19*z + 22. Calculate f(-5).
-373
Let f(a) = 9*a**3 - a**2 + 207*a - 406. Determine f(2).
76
Let g(j) = -j**3 + 6*j**2 - 8. Give g(7).
-57
Let x(f) = f**3 - 8*f**2 - 229*f + 889. What is x(18)?
7
Let h(r) = r**3 + 39*r**2 + 108*r + 23. What is h(-36)?
23
Let q(d) = -4645*d - 74319. What is q(-16)?
1
Let q(s) = 2*s**3 - 18*s**2 - 81*s - 15. Calculate q(14).
811
Let l(z) = -22*z + 76. Give l(1).
54
Let t(k) = -k**3 + 11*k**2 + 44*k - 24. Give t(14).
4
Let i(g) = 113*g**2 + 2708*g - 97. Calculate i(-24).
-1
Let t(y) = -y**3 - 31*y**2 + 70*y + 98. What is t(-33)?
-34
Let t(f) = -f**3 - 719*f**2 - 3570*f - 4. What is t(-5)?
-4
Let y(g) = -g**3 - 7*g**2 + 10*g + 7. Calculate y(-8).
-9
Let v(o) = 32*o**3 - 8*o**2 + 2. Calculate v(2).
226
Let p(d) = 37*d + 4257. Determine p(-115).
2
Let f(c) = -1002*c + 109207. What is f(109)?
-11
Let o(w) = 11*w**2 + 4*w + 12. Give o(-2).
48
Let g(w) = -w**3 + 7*w**2 + 11*w - 58. Give g(7).
19
Let h(s) = s**2 - 4*s + 6. Give h(-5).
51
Let p(n) = -6402*n + 19216. Determine p(3).
10
Let s(t) = -t**3 - 6*t**2 + 3*t - 11. Determine s(-4).
-55
Let o(q) = -q**3 - 16*q**2 - q + 359. Calculate o(0).
359
Let h(k) = -k**2 - 584*k + 3546. What is h(6)?
6
Let r(g) = g**3 - 3*g**2 - 8*g + 28. Determine r(5).
38
Let t(h) = h**2 - 15*h - 1422. Calculate t(-31).
4
Let d(i) = i**3 - 28*i**2 + 4*i + 1740. What is d(25)?
-35
Let l(s) = -s**2 + 44*s + 287. Determine l(50).
-13
Let q(c) = -c**3 - c**2 + 69*c + 25. Give q(-10).
235
Let m(a) = 83*a - 40. Determine m(5).
375
Let b(u) = 3*u**3 - 26*u**2 + 15*u + 12. Determine b(8).
4
Let h(r) = -r**2 - 16*r - 42. Calculate h(-11).
13
Let f(k) = k**2 - 17*k - 110. Determine f(22).
0
Let l(f) = -53*f**2 - 539*f - 68. Determine l(-10).
22
Let c(q) = -2*q**3 - 31*q**2 + 173*q - 98. Calculate c(-20).
42
Let c(t) = -3*t - 314. Calculate c(-30).
-224
Let s(t) = 15*t**2 - 155*t + 10. Determine s(10).
-40
Let h(r) = r**3 - 4*r**2 - r + 20. Determine h(2).
10
Let n(r) = -r**3 + 23*r**2 - 97*r - 94. Give n(17).
-9
Let t(a) = 83*a - 3953. Give t(48).
31
Let v(t) = t**3 - 12*t**2 - 3*t - 122. Calculate v(13).
8
Let t(i) = -921*i - 11106. Give t(-12).
-54
Let x(z) = 2*z**2 + 30*z. Give x(-15).
0
Let l(v) = -560*v + 5576. Determine l(10).
-24
Let h(w) = 180*w + 4149. Calculate h(-23).
9
Let v(g) = 3*g**3 - 15*g**2 - 14*g + 65. Give v(5).
-5
Let q(j) = j**3 - 33*j**2 + 12*j - 331. Calculate q(33).
65
Let j(n) = n**3 + 10*n**2 - 11*n - 9. What is j(-6)?
201
Let m(j) = 651*j - 335. What is m(1)?
316
Let b(f) = -2*f**3 - 6*f**2 + 140*f - 7. Determine b(7).
-7
Let p(b) = -b + 21. Give p(-9).
30
Let w(v) = 15*v**2 - 528*v + 102. Calculate w(35).
-3
Let p(a) = -2*a**2 - 31*a - 83. Determine p(-19).
-216
Let i(t) = -4*t**2 - 21*t + 39. Give i(-13).
-364
Let z(c) = c**2 + 2*c - 58. What is z(6)?
-10
Let u(b) = -b**2 + 32*b + 227. Determine u(39).
-46
Let l(u) = -10*u**2 + 9*u + 9. Calculate l(2).
-13
Let n(t) = 4*t**3 + 51*t**2 + 155*t - 41. Give n(-6).
1
Let q(r) = 58*r - 288. What is q(5)?
2
Let k(q) = q**2 - 26*q + 54. Give k(8).
-90
Let p(b) = -27*b**2 + 4*b + 14. Calculate p(3).
-217
Let l(x) = -30*x + 216. Give l(8).
-24
Let z(i) = 5*i**3 - 4*i**2 + 15*i - 21. What is z(3)?
123
Let z(d) = -3*d**2 + 32*d - 59. Determine z(5).
26
Let n(g) = 35*g + 647. Calculate n(-17).
52
Let h(i) = 177*i + 198. Determine h(-1).
21
Let a(i) = i**2 + 23*i - 69. 